{"id":81,"date":"2023-03-16T16:24:55","date_gmt":"2023-03-16T16:24:55","guid":{"rendered":"https:\/\/www.swiss-autopflege.ch\/?page_id=81"},"modified":"2023-07-25T16:26:40","modified_gmt":"2023-07-25T16:26:40","slug":"impressum","status":"publish","type":"page","link":"https:\/\/www.swiss-autopflege.ch\/?page_id=81","title":{"rendered":"Impressum"},"content":{"rendered":"\t\t<div data-elementor-type=\"wp-page\" data-elementor-id=\"81\" class=\"elementor elementor-81\" data-elementor-post-type=\"page\">\n\t\t\t\t<div class=\"elementor-element elementor-element-53cfaff e-flex e-con-boxed e-con e-parent\" data-id=\"53cfaff\" data-element_type=\"container\" data-e-type=\"container\">\n\t\t\t\t\t<div class=\"e-con-inner\">\n\t\t\t\t<div class=\"elementor-element elementor-element-ed9e84a elementor-widget elementor-widget-heading\" data-id=\"ed9e84a\" data-element_type=\"widget\" data-e-type=\"widget\" data-widget_type=\"heading.default\">\n\t\t\t\t<div class=\"elementor-widget-container\">\n\t\t\t\t\t<h2 class=\"elementor-heading-title elementor-size-default\">Impressum<\/h2>\t\t\t\t<\/div>\n\t\t\t\t<\/div>\n\t\t\t\t<div class=\"elementor-element elementor-element-b2cf075 elementor-widget elementor-widget-text-editor\" data-id=\"b2cf075\" data-element_type=\"widget\" data-e-type=\"widget\" data-widget_type=\"text-editor.default\">\n\t\t\t\t<div class=\"elementor-widget-container\">\n\t\t\t\t\t\t\t\t\t<h4><strong>Verantwortlich:<\/strong><\/h4><p>Angaben gem\u00e4\u00df \u00a7 5 TMG:<\/p><p>Ali Autopflege Ali Khadr<\/p><p>Inhaber: Ali Khadr<\/p><p>Hauptstra\u00dfe 137E\u00a0<\/p><p>T\u00e4gerwilen, TG 8274<\/p><p>Telefon: +41 (0) 78 8822212<\/p><p>E-Mail: termin@swiss-autopflege.ch<\/p><p>Umsatzsteuer-ID: folgt<\/p><p>Steuer-Nr.: folgt<\/p><p>Verantwortlich f\u00fcr den Inhalt nach \u00a7 18 Abs. 2 MStV: Ali Khadr<\/p><p>Haftungshinweis: Trotz sorgf\u00e4ltiger inhaltlicher Kontrolle \u00fcbernehmen wir keine Haftung f\u00fcr die Inhalte externer Links. F\u00fcr den Inhalt der verlinkten Seiten sind ausschlie\u00dflich deren Betreiber verantwortlich.<\/p><p>Die Europ\u00e4ische Kommission hat eine Europ\u00e4ische Plattform zur Online-Streitbeilegung (\u201eOS-Plattform\u201c) bereitzustellen. Die OS-Plattform ist im Internet unter der Internet-Adresse\u00a0<a href=\"http:\/\/ec.europa.eu\/consumers\/odr\/\" target=\"_blank\" rel=\"noreferrer noopener nofollow\">http:\/\/ec.europa.eu\/consumers\/odr\/<\/a>\u00a0abrufbar.<\/p>\t\t\t\t\t\t\t\t<\/div>\n\t\t\t\t<\/div>\n\t\t\t\t\t<\/div>\n\t\t\t\t<\/div>\n\t\t\t\t<\/div>\n\t\t","protected":false},"excerpt":{"rendered":"<p>Impressum Verantwortlich: Angaben gem\u00e4\u00df \u00a7 5 TMG: Ali Autopflege Ali Khadr Inhaber: Ali Khadr Hauptstra\u00dfe 137E\u00a0 T\u00e4gerwilen, TG 8274 Telefon: +41 (0) 78 8822212 E-Mail: termin@swiss-autopflege.ch Umsatzsteuer-ID: folgt Steuer-Nr.: folgt Verantwortlich f\u00fcr den Inhalt nach \u00a7 18 Abs. 2 MStV: Ali Khadr Haftungshinweis: Trotz sorgf\u00e4ltiger inhaltlicher Kontrolle \u00fcbernehmen wir keine Haftung f\u00fcr die Inhalte externer [&hellip;]<\/p>\n","protected":false},"author":1,"featured_media":0,"parent":0,"menu_order":0,"comment_status":"closed","ping_status":"closed","template":"","meta":{"footnotes":""},"class_list":["post-81","page","type-page","status-publish","hentry"],"_links":{"self":[{"href":"https:\/\/www.swiss-autopflege.ch\/index.php?rest_route=\/wp\/v2\/pages\/81","targetHints":{"allow":["GET"]}}],"collection":[{"href":"https:\/\/www.swiss-autopflege.ch\/index.php?rest_route=\/wp\/v2\/pages"}],"about":[{"href":"https:\/\/www.swiss-autopflege.ch\/index.php?rest_route=\/wp\/v2\/types\/page"}],"author":[{"embeddable":true,"href":"https:\/\/www.swiss-autopflege.ch\/index.php?rest_route=\/wp\/v2\/users\/1"}],"replies":[{"embeddable":true,"href":"https:\/\/www.swiss-autopflege.ch\/index.php?rest_route=%2Fwp%2Fv2%2Fcomments&post=81"}],"version-history":[{"count":16,"href":"https:\/\/www.swiss-autopflege.ch\/index.php?rest_route=\/wp\/v2\/pages\/81\/revisions"}],"predecessor-version":[{"id":628,"href":"https:\/\/www.swiss-autopflege.ch\/index.php?rest_route=\/wp\/v2\/pages\/81\/revisions\/628"}],"wp:attachment":[{"href":"https:\/\/www.swiss-autopflege.ch\/index.php?rest_route=%2Fwp%2Fv2%2Fmedia&parent=81"}],"curies":[{"name":"wp","href":"https:\/\/api.w.org\/{rel}","templated":true}]}}